(base 9) in base 5?
-3132
17d0 (base 15) to base 12
2b89
What is -1708 (base 10) in base 6?
-11524
664 (base 8) to base 10
436
Convert -1000222 (base 4) to base 8.
-10052
What is -5590 (base 10) in base 13?
-2710
What is -2220030 (base 4) in base 5?
-321024
What is -110111101 (base 2) in base 6?
-2021
What is 1465 (base 10) in base 4?
112321
What is 732 (base 15) in base 10?
1622
What is -10111110111 (base 2) in base 12?
-a73
What is 37b4 (base 12) in base 3?
22200101
-1036 (base 11) to base 14
-6dc
What is 112133 (base 5) in base 9?
5482
-8d3 (base 16) to base 6
-14243
What is -11101100 (base 2) in base 16?
-ec
-8507 (base 15) to base 4
-12313210
What is 5243 (base 11) in base 4?
1230200
What is 2200232 (base 4) in base 8?
24056
What is -33155 (base 7) in base 16?
-2081
Convert 3b05 (base 13) to base 3.
102121011
1120011 (base 3) to base 4
101302
-1100 (base 7) to base 3
-112112
993 (base 13) to base 10
1641
-2840 (base 13) to base 8
-13246
What is -832a (base 13) in base 14?
-6863
-201011 (base 3) to base 2
-1000000101
What is -1000001011 (base 2) in base 5?
-4043
What is 100101101001001 (base 2) in base 6?
225121
Convert -35363 (base 7) to base 14.
-346a
What is -13044 (base 5) in base 10?
-1024
What is a6 (base 15) in base 8?
234
Convert 17080 (base 11) to base 14.
8a98
-222 (base 6) to base 15
-5b
948 (base 16) to base 9
3230
-913 (base 16) to base 13
-1099
-230 (base 10) to base 6
-1022
-1211 (base 3) to base 11
-45
What is -16678 (base 11) in base 7?
-125222
877 (base 14) to base 13
9b9
Convert -11111000 (base 2) to base 16.
-f8
What is -8513 (base 12) in base 8?
-34337
Convert 11000100100100 (base 2) to base 4.
3010210
What is 44203 (base 6) in base 15?
1c33
Convert -4912a (base 11) to base 10.
-70696
What is 2780 (base 10) in base 2?
101011011100
What is -3d (base 15) in base 8?
-72
Convert 300303 (base 4) to base 12.
1983
-34312 (base 5) to base 4
-212121
Convert 1394 (base 10) to base 14.
718
1159 (base 10) to base 5
14114
2384 (base 9) to base 15
7d7
-3332332 (base 4) to base 6
-203314
-1001111 (base 2) to base 6
-211
What is -265256 (base 8) in base 7?
-534455
Convert 1011010100100101 (base 2) to base 5.
2440443
Convert -4331 (base 5) to base 3.
-210220
What is 494 (base 10) in base 8?
756
Convert 728 (base 9) to base 6.
2425
Convert -2042 (base 6) to base 8.
-712
What is -6270 (base 8) in base 9?
-4417
-1134314 (base 5) to base 2
-101001011011001
Convert 1683 (base 9) to base 5.
20130
-770b (base 12) to base 8
-31473
What is -220122202 (base 3) in base 4?
-10120313
What is 13003 (base 4) in base 11?
380
What is -35011 (base 7) in base 6?
-105154
Convert -1280 (base 12) to base 6.
-13440
Convert -3231 (base 8) to base 5.
-23224
Convert -20202202 (base 3) to base 14.
-1b26
-a752 (base 11) to base 8
-33606
-913c (base 13) to base 9
-30374
What is ba9 (base 16) in base 11?
2274
Convert 321 (base 12) to base 13.
292
Convert 7b7a (base 14) to base 13.
9a09
-2800 (base 13) to base 15
-1a81
What is 102133130 (base 4) in base 9?
124805
b (base 12) to base 9
12
What is 54126 (base 9) in base 11?
24a0a
-3051 (base 9) to base 4
-202321
442221 (base 5) to base 11
1055a
Convert 3124 (base 5) to base 8.
636
-11120003 (base 4) to base 6
-245535
33130 (base 5) to base 16
8f2
What is d43 (base 14) in base 12?
1613
Convert 5305 (base 6) to base 13.
70a
-213 (base 12) to base 11
-256
Convert -100011101001 (base 2) to base 7.
-6436
1110100 (base 2) to base 14
84
Convert -10 (base 16) to base 13.
-13
-1c0a (base 16) to base 13
-3362
13130 (base 4) to base 15
21b
Convert 20210 (base 3) to base 14.
d1
Convert 36335 (base 12) to base 13.
27332
Convert -213 (base 12) to base 13.
-1a4
What is 88 (base 11) in base 5?
341
What is -110111102 (base 3) in base 13?
-41ba
Convert -25d (base 14) to base 10.
-475
-482 (base 14) to base 9
-1207
What is -6103 (base 7) in base 5?
-31420
Convert -662 (base 8) to base 13.
-275
112200 (base 4) to base 16
5a0
-127 (base 14) to base 11
-1a0
102220 (base 3) to base 11
272
Convert 9b6 (base 13) to base 14.
874
What is c09 (base 16) in base 12?
1949
12 (base 5) to base 2
111
Convert 12000001 (base 3) to base 16.
e3e
What is -119cc (base 13) in base 14?
-bb79
20102 (base 5) to base 13
773
What is 2b1 (base 12) in base 13?
265
Convert -120 (base 14) to base 11.
-194
What is -114 (base 16) in base 12?
-1b0
What is -b98 (base 16) in base 11?
-2259
What is -1a0 (base 16) in base 6?
-1532
What is 1100011 (base 2) in base 13?
78
What is -3406 (base 9) in base 15?
-b2c
cdc (base 15) to base 11
2203
What is -1302 (base 8) in base 9?
-864
Convert -1636 (base 7) to base 4.
-22120
Convert -10000001011 (base 3) to base 7.
-334150
Convert 41263 (base 9) to base 2.
110101000111000
1524 (base 9) to base 7
3241
What is 1077 (base 9) in base 6?
3411
39e0 (base 15) to base 13
581a
What is -549 (base 12) in base 14?
-3d7
What is 1001000011010 (base 2) in base 3?
20100122
300120 (base 4) to base 11
2365
1679 (base 11) to base 4
201133
Convert -23132 (base 5) to base 14.
-871
What is -4572 (base 8) in base 14?
-c54
Convert 33442 (base 5) to base 15.
a82
Convert 114240 (base 5) to base 15.
1430
-140414 (base 7) to base 5
-1322433
Convert -2002112 (base 3) to base 16.
-5f6
What is 1646 (base 8) in base 13?
56b
-1ac0 (base 13) to base 6
-30415
Convert 5664 (base 7) to base 6.
13303
-1011011 (base 2) to base 9
-111
-18205 (base 9) to base 5
-400220
Convert -6ba (base 14) to base 3.
-1211122
10712 (base 10) to base 15
3292
Convert 30335 (base 9) to base 11.
13aa4
What is -110001 (base 4) in base 13?
-777
1020 (base 5) to base 2
10000111
What is -112353 (base 7) in base 12?
-b753
Convert 1368 (base 10) to base 14.
6da
3227 (base 13) to base 2
1101100110010
What is -373 (base 9) in base 8?
-465
-33310 (base 4) to base 7
-2644
d9c0 (base 14) to base 5
2200404
1172 (base 9) to base 12
60b
Convert -10333 (base 4) to base 7.
-634
What is -91d1 (base 14) in base 13?
-b54b
Convert -310030 (base 4) to base 9.
-4521
What is 13360 (base 10) in base 4?
3100300
12110 (base 4) to base 15
1be
What is -303 (base 8) in base 7?
-366
22187 (base 12) to base 4
23001313
What is 11100000000 (base 2) in base 10?
1792
-110111100111 (base 2) to base 5
-103214
-126505 (base 9) to base 7
-440234
-14 (base 13) to base 9
-18
Convert -23 (base 16) to base 12.
-2b
Convert -2103 (base 10) to base 11.
-1642
240 (base 11) to base 13
190
What is 34321 (base 5) in base 2?
100110011101
Convert 409 (base 16) to base 10.
1033
Convert 209 (base 15) to base 8.
713
What is -2d20 (base 15) in base 5?
-302310
aa7 (base 13) to base 16
723
Convert 108 (base 16) to base 12.
1a0
What is -10112 (base 6) in base 3?
-1211122
-1121 (base 3) to base 4
-223
What is -344 (base 8) in base 11?
-198
10110010111001 (base 2) to base 4
2302321
2403 (base 6) to base 4
21003
Convert 71323 (base 8) to base 12.
15017
Convert -3a4 (base 12) to base 3.
-202121
Convert -3234 (base 6) to base 12.
-51a
What is -5351 (base 6) in base 10?
-1219
-434344 (base 5) to base 7
-61441
What is -217 (base 8) in base 10?
-143
Convert -2352 (base 7) to base 15.
-3d0
What is 287 (base 13) in base 8?
701
287 (base 15) to base 2
1001000001
-13032 (base 4) to base 16
-1ce
234333 (base 5) to base 7
34263
4078 (base 12) to base 14
27a4
What is 100000010110 (base 2) in base 3?
2211200
Convert -3302 (base 9) to base 12.
-14a8
What is 237 (base 15) in base 16?
1f6
What is 226 (base 15) in base 11?
402
What is 15382 (base 12) in base 4?
13103102
Convert -2053 (base 6) to base 15.
-210
-148 (base 15) to base 11
-247
What is 2020 (base 5) in base 10?
260
10520 (base 6) to base 7
4224
1322300 (base 4) to base 3
101202222
What is -14140 (base 6) in base 13?
-101a
What is -a26 (base 14) in base 13?
-ba5
Convert 31111 (base 4) to base 11.
706
Convert -328 (base 9) to base 15.
-12e
3263 (base 8) to base 13
a1c
Convert -2521 (base 12) to base 10.
-4201
Convert -2979 (base 10) to base 14.
-112b
Convert -90c (base 14) to base 12.
-1040
125424 (base 6) to base 2
10110101011000
63d5 (base 15) to base 10
21125
92c (base 13) to base 16
617
Convert 11927 (base 14) to base 10.
42959
Convert -662 (base 16) to base 10.
-1634
9a65 (base 12) to base 9
25365
11254 (base 10) to base 13
5179
Convert -33262 (base 7) to base 10.
-8374
Convert 107 (base 14) to bas